Suppose -h - t = 0, 3*k + 0*k + 4*h = -22. Let u(y) = y**3 + 2*y**2 + 1. Calculate u(k).
1
Let t(p) = -1. Let q(w) = w + 1. Let j(f) = 3*q(f) + 4*t(f). Let c = 1 + 4. Suppose a - 8 + c = 0. Determine j(a).
8
Let i(w) = -12 + 4*w - 941*w**2 + 6 + 942*w**2. Determine i(5).
39
Let l(s) be the first derivative of -4/3*s**3 + 36 - 1/4*s**4 + 6*s + s**2. Determine l(-4).
-2
Let j(g) = g**3 - 16*g**2 + 19*g - 56. Let q be j(15). Suppose 2*w - q = 4*u, 8 = -5*u - 2. Let t(z) = 2*z**3 + 4*z**2 + 3*z + 2. What is t(w)?
-4
Let l(v) = 15 - 2*v + v**3 - 3*v**2 + 2*v + 2 - 19. Suppose -2*d + 3*d - 3 = 0. Let w be 2/(2 - d/2). Give l(w).
14
Let x be 43/(-5)*1 - 6/(-10). Let v(h) = h**2 + 6*h - 9. Calculate v(x).
7
Let u(k) = -k**3 + 8*k**2 - 537*k + 533*k - 8 - k**2. Give u(6).
4
Let a = 108 - 108. Suppose 4*b - 2*b - 5*b = a. Let f(y) = -y**3 - 16. Determine f(b).
-16
Suppose 3*h = -5*m - 119, -4*m + 2*m = 3*h + 53. Let x = m - -19. Let t(j) be the second derivative of -j**5/20 - j**4/6 + j**3/3 + j**2/2 + j. What is t(x)?
4
Let g(b) = b**3 - 22*b**2 + b - 20. Suppose -337 = -14*o - 29. Calculate g(o).
2
Suppose -2*z + 72 = -6*z. Let j = z - -12. Let x(r) be the second derivative of r**4/12 + 5*r**3/6 + 7*r**2/2 + 4*r - 1. Calculate x(j).
13
Let s(z) = -2*z + 5. Let w = -17 - -1. Let b = 12 + w. Give s(b).
13
Let n(j) be the second derivative of j**6/360 + j**5/120 - j**3 - j**2 + 5*j - 2. Let d(u) be the second derivative of n(u). Determine d(-3).
6
Let b(n) = n + 2. Let w be 1562/15 - (-6)/(-45). Suppose -5*m = -w - 46. Suppose 4*l = -l + m. Determine b(l).
8
Let z(u) = -u**3 - 5*u**2 + 4*u + 1. Suppose 0 = -11*a - 31 - 13. Give z(a).
-31
Let g(c) be the second derivative of -c**3/3 + 3*c**2 - c. Let n be ((-75)/(-9) - 5)*3/2. Let f(w) = -2*w**2 + 12*w - 5. Let b be f(n). What is g(b)?
-4
Let l(h) be the third derivative of -h**6/360 + h**5/120 - 7*h**4/12 + h**2. Let g(u) be the second derivative of l(u). Determine g(-3).
7
Let n(h) = 18*h + 157. Let m be n(-9). Let u(i) = i**3 + 4*i**2 - 8*i - 16. Determine u(m).
-1
Let b be (-33)/7 + (-2)/7. Let c(u) = -u**2 - 7*u - 11. Determine c(b).
-1
Suppose k + k = 6. Suppose 0 = 2*n - 5*c + 10, -2*c + k + 1 = 0. Suppose -w + 2*g - 6 = n, -3*g + 6 = -w - 0*w. Let u(j) = j + 6. What is u(w)?
0
Suppose 3*f = 3*o - 8*o + 15, 4*f = 4*o + 20. Let t(i) = i**2 - 2*i - 12. Determine t(f).
3
Let k = 7 - 5. Let s(r) = 4*r**2 + r**3 - 4 + 6 + 1 - 3*r + k. Give s(-5).
-5
Suppose -15 = 3*h + 9. Let f(d) = 4*d - 13. Let v(l) = 22*l - 66. Let c(q) = -16*f(q) + 3*v(q). Calculate c(h).
-6
Let t(v) = -v**3 - 13*v**2 - 11*v + 15. Let b be t(-12). Let f(l) = 8 - 8*l - b*l + 5*l - 9. What is f(-2)?
11
Let j be (20/(-8))/((-15)/48). Let w(d) = -d**3 + 7*d**2 + 8*d + 9. What is w(j)?
9
Let q = -148 + 150. Let b(u) = 2*u**2 - 2. Let v(c) = c**2 + c - 1. Let a(f) = b(f) - 3*v(f). Give a(q).
-9
Suppose 5*a + 2*x = 23, 4*a + 0 - 16 = -x. Let j(u) = -4*u - 4*u + a*u + 1 + 7*u. Give j(5).
11
Let o(p) = 38*p**2 - 6*p - 5. Let x(l) = -32*l**2 + 5*l + 4. Let s(b) = -6*o(b) - 7*x(b). Give s(-2).
-16
Let d(v) = v**2 - 2*v + 3. Let i(c) = 11*c**2 - 67*c + 8. Let o be i(6). Determine d(o).
3
Suppose 9*g + 15 = 5*g + l, -2*g + 15 = -5*l. Let v(z) = -4*z - 1. Determine v(g).
19
Let d(w) be the second derivative of w**7/840 - w**6/45 + 3*w**5/40 - w**4/8 - 5*w**3/3 - 19*w. Let f(k) be the second derivative of d(k). Determine f(6).
-21
Suppose -164*z - 2 = -166*z. Let a(h) = 11*h - 2. What is a(z)?
9
Let f(l) = 3 + 0 - 4 + 0 + 2*l + 5*l. What is f(-2)?
-15
Let n(w) = -3*w + 15. Let l(m) = -m + 5. Let i(d) = -7*l(d) + 2*n(d). Let t(b) = -2*b**2 + 65*b + 33. Let p be t(33). What is i(p)?
-5
Let l(d) = 22*d - 158. Let r be l(7). Let q(x) = x**2 + 2*x + 3. Give q(r).
11
Let w(g) = -g + 11. Suppose -d = -0*d. Suppose 0 = a - d*a. Let y be (a - 12)*(-7)/14. What is w(y)?
5
Let g(v) = -2*v**2 + 22*v + 43. Let x be g(17). Let s = -164 - x. Let k(w) = w**2 + 5*w. Give k(s).
-6
Let j be (-12)/(0 - 4) - 3. Suppose j = 3*t - 3*z + 15, 2*z = t - z + 15. Let h(q) = q + 6. Give h(t).
6
Let l(x) be the third derivative of -x**6/15 - x**5/30 - x**4/12 - x**3/2 - 218*x**2 - x. Give l(-2).
57
Let x(r) = -r**3 + 9*r**2 + 9*r + 6. Let j = 1103 + -1093. Determine x(j).
-4
Let m = -826 + 815. Let v(s) = -s**2 - 12*s - 13. Calculate v(m).
-2
Let c(b) = -b**2 + 7*b. Let l be (-1)/6 + ((-285)/18 - 2). Let y be (l/36)/((-1)/14). What is c(y)?
0
Suppose -2*j - 1 + 1 = 0. Suppose -17*c + 9*c - 8 = j. Let k(f) = -2*f**3 + f + 1. Determine k(c).
2
Suppose -25 = 3*d + 5*t, -3*d = 2*d + 4*t + 33. Let y(h) be the third derivative of -h**5/60 - 5*h**4/24 - 7*h**3/6 + 687*h**2. Determine y(d).
-7
Let s(x) = -x**3 + 11*x**2 + 9*x + 24. Let n be s(12). Let y(t) = -t**3 - 12*t**2. Give y(n).
0
Let m(k) be the second derivative of -k**4/12 - 7*k**3/6 + 5*k**2 + 2*k. Suppose -23*l + 9 = 193. Determine m(l).
2
Suppose -18 = 4*w + 30. Let t = w - -15. Let n(s) be the second derivative of s**4/12 - s**2/2 - s. Calculate n(t).
8
Let p(v) = 4*v - 1 - v - 7*v**2 + 0*v - v. Suppose -3*o + 4*j = 14, -2*o + 3*j - 3 - 7 = 0. Let s = o - -3. What is p(s)?
-6
Let m(l) be the second derivative of -1/12*l**4 + 1/2*l**2 - 6*l + 1/2*l**3 + 0. Let z be m(4). Let x(s) = -2*s**2 - 3*s + 4. Calculate x(z).
-5
Let u(r) = -3*r**2 - r - 3. Let q(p) = 4*p**2 + 3*p + 3. Let t(h) = -2*q(h) - 3*u(h). Determine t(2).
1
Let f(b) = 6*b - 78. Let z be f(13). Let q(r) be the third derivative of 0 + 0*r + 1/24*r**4 + z*r**5 + 1/3*r**3 - 3*r**2 + 1/120*r**6. Calculate q(0).
2
Let v(l) = l**2 - 13*l + 6. Let z(m) = -m**2 + 33*m - 103. Let j be z(29). Calculate v(j).
6
Let c(y) = y**3 - 12*y**2 + 18*y + 22. Let h be c(10). Let o(n) be the second derivative of n**h + 1/6*n**3 + 0 + 2*n. What is o(-1)?
1
Let c(j) = j**2 + 16*j + 60. Let r be c(-10). Suppose 2*b - 6 = -b. Let x(i) = i**2 + 2*i - i - b - 2*i + r. Calculate x(-2).
4
Let u(w) = 40*w - 39*w + 35 - 22. Give u(-11).
2
Let w(f) = -5*f + 35. Let k be w(7). Suppose -4*c + 19 = 5*u, -4*u + k*c = -c - 32. Let v(n) = n**3 - 8*n**2 + 6*n. Give v(u).
-7
Let w(k) = k**2 + 5*k + 2. Let o = -13 - -11. Let j be -2 + (1 - o) - -3. Suppose -8 = j*i + 5*a + 2, 0 = -3*i + a - 17. Determine w(i).
2
Let d(i) = -i. Suppose 77 = 8*o - 7*o - 4*q, 0 = 3*o - 4*q - 199. Let r = o + -63. Determine d(r).
2
Let f = -38 + 32. Let p = -9 - f. Let b(r) = -r + 1. What is b(p)?
4
Suppose 3*x - 4*o = -0*o + 48, x = o + 15. Suppose 7*q = 3*q + x. Let z(t) = 1 - t**3 - 7*t + 1 + q*t + 6*t**2 + 0. What is z(2)?
10
Let d = -197 - -197. Let u(p) be the second derivative of -3/2*p**2 + p - 1/6*p**3 + d. Calculate u(5).
-8
Let w(c) be the third derivative of -c**4/24 - 17*c**3/6 + 2*c**2 + 28*c. Calculate w(-11).
-6
Let t be (-18)/(-2) - (1 - 6)*-1. Let z(a) = 3*a**3 - 5*a**2 + 8*a - 1. Let y(r) = r**3 + r + 1. Let n(x) = -2*y(x) + z(x). What is n(t)?
5
Let r(n) = -11*n**2 - 12*n - 17. Let o(c) = -5*c**2 - 6*c - 8. Let g(a) = -13*o(a) + 6*r(a). Let f(p) = p**3 + 7*p**2 + 6. Let b be f(-7). Give g(b).
2
Let s be 5 - ((-5 - -9) + 5). Let f(p) = -3*p**2 - 13*p - 6. Determine f(s).
-2
Let v(y) = -y**2 - y. Let m(p) be the first derivative of 4 - p**2 + p**4 + p - 1/3*p**3. Let i(b) = -m(b) + v(b). Give i(1).
-4
Let x(y) = -37 + 98 + 3*y - 53. Give x(7).
29
Suppose 5*l + 9 = 4*v, -3*v + 3 = 2*l + 2. Let d(i) be the second derivative of i**4/12 + i**2/2 + 733*i. Determine d(l).
2
Let j be (-24)/84 - (78/21 - 0). Let o(c) be the second derivative of -c**3/6 + 5*c**2/2 + c. Determine o(j).
9
Let d(o) = -6*o**2 - 2*o + 1. Let b be (39/52)/((-2)/(-96)). Suppose 0 = 3*m - m - b. Suppose 0 = r - 4*g - m - 3, 5*r + g = 0. Calculate d(r).
-7
Let a = 1 + 0. Let t be a/(-2)*(9 - 9). Let h be -3 - ((-1)/1 - t). Let w(i) = -i**3 - 3*i**2 - 2*i - 3. Give w(h).
-3
Let o(v) = 2*v**2 + 27*v + 13. Let x = 711 + -724. Calculate o(x).
0
Let r(y) = 10*y - 1. Let f(j) = 6*j - 67. Let d be f(11). Calculate r(d).
-11
Let g(x) = -11*x + 1 - 38*x**3 - 5*x**2 + 10*x - 2*x**3 + 6*x**2 + 3*x**3. Determine g(1).
-36
Let l(u) = 22*u**2 + 4 - 6*u - 24*u**2 + 4. Calculate l(-6).
-28
Let f(m) = -m**3 - 7*m**2 - 6*m - 3. Let h = 105 - 55. Let p = h + -55. Calculate f(p).
-23
Suppose 0 = 4*m + 13 + 55. Suppose q - 5*u - 8 = 0, 2*u = -3*q + u + 